{"id":10164,"date":"2023-04-28T09:10:30","date_gmt":"2023-04-28T07:10:30","guid":{"rendered":"https:\/\/diverinvest.es\/abril-2023-la-recesion-ya-esta-descontada\/"},"modified":"2026-03-27T13:03:35","modified_gmt":"2026-03-27T12:03:35","slug":"abril-2023-la-recesion-ya-esta-descontada","status":"publish","type":"cartas-de-david","link":"https:\/\/diverinvest.es\/ca\/cartas-de-david\/abril-2023-la-recesion-ya-esta-descontada\/","title":{"rendered":"Abril 2023: &#8220;La recesi\u00f3n ya est\u00e1 descontada&#8221;"},"content":{"rendered":"\n<figure class=\"wp-block-table\"><table><tbody><tr><td>Estimado\u00a0amigo,<br>\u00a0<br>Es de todos conocido que los mercados son mecanismos de descuento y en general anticipadores del futuro ciclo. Si nos atenemos a esta premisa, la pregunta es: \u00bfen qu\u00e9 situaci\u00f3n nos encontramos en estos precisos momentos?<br><br>Hoy el mundo se debate entre si va a entrar en recesi\u00f3n econ\u00f3mica m\u00e1s suave o algo m\u00e1s profunda, pero todo parece indicar que este hecho ya fue descontado por los mercados durante el a\u00f1o 2022, tanto de renta fija como de renta variable, y en octubre del 2022 fue cuando marcaron m\u00ednimos. Adem\u00e1s, justo coincide, cuando el dato macro de la inflaci\u00f3n marcaba su m\u00e1ximo con un 11% en Alemania. Desde entonces, los mercados han estado muy animados.<br><br>Esos m\u00ednimos, con los datos econ\u00f3micos que tenemos actualmente, parecen lejanos y poco probables que vuelvan a ser vistos. Durante los a\u00f1os 70, d\u00e9cada que ya hemos mencionado en otras ocasiones, se dieron comportamientos muy parecidos. Adem\u00e1s, en la actualidad, los beneficios de las empresas siguen siendo elevados, al igual que en los 70. Y, por \u00faltimo, el mercado de bonos tambi\u00e9n se est\u00e1 intentando adelantar a todo este galimat\u00edas. La curva de tipos de inter\u00e9s a largo no para de bajar y presenta rentabilidades poco atractivas en estos momentos, seg\u00fan nuestro criterio, sin olvidar que este inicio de a\u00f1o est\u00e1 siendo positivo a pesar de la cantidad de eventos y noticias complejas que se est\u00e1n acumulando en la econom\u00eda. Vamos, que motivos para tener grandes ca\u00eddas, \u00a0no han faltado.<br><br>El pr\u00f3ximo gran movimiento se va a producir cuando la Reserva Federal marque el PIVOT POINT, empiece con una pol\u00edtica monetaria menos restrictiva, que ser\u00e1 el momento en el que termine la actual subida de tipos, y empecemos el cambio de tendencia.<br><br>Ahora bien, estamos apuntando a que estemos ante la posibilidad del inicio de un nuevo megaciclo alcista de los activos de riesgo, que es, en definitiva, lo que m\u00e1s nos interesa saber \u00bfno?<br><br>Creo, sinceramente, que esta no va a ser la situaci\u00f3n, puesto que el \u00faltimo megaciclo dur\u00f3 casi 40 a\u00f1os, desde 1982 hasta 2021 caracterizado por una bajada continua de los tipos de inter\u00e9s, desde el 20% de Paul Volker hasta el 0% de Jeremy Powell. Con los tipos actualmente al 3.40%, es evidente que se necesita un catalizador diferente para prender la mecha del pr\u00f3ximo megaciclo.<br><br>Nuestra modesta opini\u00f3n es que estamos sumergidos en un periodo de transici\u00f3n con un nivel alto de volatilidad donde, en t\u00e9rminos generales, el rango 3500-4800 en el S&amp;P500 se mantendr\u00e1 por alg\u00fan tiempo y donde la gesti\u00f3n activa va a ser fundamental para generar buenos rendimientos. Este periodo ya se vivi\u00f3 en la d\u00e9cada de los 70, y aunque el mundo hoy es muy diferente, no es descartable que vivamos unos a\u00f1os con los mercados sin una tendencia fuerte hasta que, por fin, aparezca un nuevo catalizador con la fuerza suficiente para iniciar un nuevo megaciclo. \u00bfCu\u00e1l ser\u00e1 ese catalizador?<br><br><br>Un abrazo,<br>David Levy<br>\u00a0<\/td><\/tr><\/tbody><\/table><\/figure>\n","protected":false},"excerpt":{"rendered":"<p>Estimado\u00a0amigo,\u00a0Es de todos conocido que los mercados son mecanismos de descuento y en general anticipadores del futuro ciclo. Si nos atenemos a esta premisa, la pregunta es: \u00bfen qu\u00e9 situaci\u00f3n nos encontramos en estos precisos momentos? Hoy el mundo se debate entre si va a entrar en recesi\u00f3n econ\u00f3mica m\u00e1s suave o algo m\u00e1s profunda, [&hellip;]<\/p>\n","protected":false},"author":10,"featured_media":11682,"parent":0,"template":"","categories":[177,178,165,166,167,168,169,170,171,172,173,174,175,176],"class_list":["post-10164","cartas-de-david","type-cartas-de-david","status-publish","has-post-thumbnail","hentry","category-cartas-2019","category-cartas-2021","category-carta-2008","category-cartas-2009","category-cartas-2010","category-cartas-2011","category-cartas-2012","category-cartas-2013","category-cartas-2014","category-cartas-2015","category-cartas-2016","category-cartas-2017","category-cartas-2018","category-carta-2020"],"acf":[],"yoast_head":"<!-- This site is optimized with the Yoast SEO plugin v27.4 - https:\/\/yoast.com\/product\/yoast-seo-wordpress\/ -->\n<title>Abril 2023: &quot;La recesi\u00f3n ya est\u00e1 descontada&quot; - DiverInvest<\/title>\n<meta name=\"robots\" content=\"index, follow, max-snippet:-1, max-image-preview:large, max-video-preview:-1\" \/>\n<link rel=\"canonical\" href=\"https:\/\/diverinvest.es\/ca\/cartas-de-david\/abril-2023-la-recesion-ya-esta-descontada\/\" \/>\n<meta property=\"og:locale\" content=\"ca_ES\" \/>\n<meta property=\"og:type\" content=\"article\" \/>\n<meta property=\"og:title\" content=\"Abril 2023: &quot;La recesi\u00f3n ya est\u00e1 descontada&quot; - DiverInvest\" \/>\n<meta property=\"og:description\" content=\"Estimado\u00a0amigo,\u00a0Es de todos conocido que los mercados son mecanismos de descuento y en general anticipadores del futuro ciclo. Si nos atenemos a esta premisa, la pregunta es: \u00bfen qu\u00e9 situaci\u00f3n nos encontramos en estos precisos momentos? Hoy el mundo se debate entre si va a entrar en recesi\u00f3n econ\u00f3mica m\u00e1s suave o algo m\u00e1s profunda, [&hellip;]\" \/>\n<meta property=\"og:url\" content=\"https:\/\/diverinvest.es\/ca\/cartas-de-david\/abril-2023-la-recesion-ya-esta-descontada\/\" \/>\n<meta property=\"og:site_name\" content=\"DiverInvest\" \/>\n<meta property=\"article:modified_time\" content=\"2026-03-27T12:03:35+00:00\" \/>\n<meta property=\"og:image\" content=\"https:\/\/diverinvest.es\/wp-content\/uploads\/fotro-carta-mayo.jpg\" \/>\n\t<meta property=\"og:image:width\" content=\"626\" \/>\n\t<meta property=\"og:image:height\" content=\"352\" \/>\n\t<meta property=\"og:image:type\" content=\"image\/jpeg\" \/>\n<meta name=\"twitter:card\" content=\"summary_large_image\" \/>\n<meta name=\"twitter:label1\" content=\"Temps estimat de lectura\" \/>\n\t<meta name=\"twitter:data1\" content=\"3 minuts\" \/>\n<script type=\"application\/ld+json\" class=\"yoast-schema-graph\">{\"@context\":\"https:\\\/\\\/schema.org\",\"@graph\":[{\"@type\":\"WebPage\",\"@id\":\"https:\\\/\\\/diverinvest.es\\\/ca\\\/cartas-de-david\\\/abril-2023-la-recesion-ya-esta-descontada\\\/\",\"url\":\"https:\\\/\\\/diverinvest.es\\\/ca\\\/cartas-de-david\\\/abril-2023-la-recesion-ya-esta-descontada\\\/\",\"name\":\"Abril 2023: \\\"La recesi\u00f3n ya est\u00e1 descontada\\\" - DiverInvest\",\"isPartOf\":{\"@id\":\"https:\\\/\\\/diverinvest.es\\\/ca\\\/#website\"},\"primaryImageOfPage\":{\"@id\":\"https:\\\/\\\/diverinvest.es\\\/ca\\\/cartas-de-david\\\/abril-2023-la-recesion-ya-esta-descontada\\\/#primaryimage\"},\"image\":{\"@id\":\"https:\\\/\\\/diverinvest.es\\\/ca\\\/cartas-de-david\\\/abril-2023-la-recesion-ya-esta-descontada\\\/#primaryimage\"},\"thumbnailUrl\":\"https:\\\/\\\/diverinvest.es\\\/wp-content\\\/uploads\\\/fotro-carta-mayo.jpg\",\"datePublished\":\"2023-04-28T07:10:30+00:00\",\"dateModified\":\"2026-03-27T12:03:35+00:00\",\"breadcrumb\":{\"@id\":\"https:\\\/\\\/diverinvest.es\\\/ca\\\/cartas-de-david\\\/abril-2023-la-recesion-ya-esta-descontada\\\/#breadcrumb\"},\"inLanguage\":\"ca\",\"potentialAction\":[{\"@type\":\"ReadAction\",\"target\":[\"https:\\\/\\\/diverinvest.es\\\/ca\\\/cartas-de-david\\\/abril-2023-la-recesion-ya-esta-descontada\\\/\"]}]},{\"@type\":\"ImageObject\",\"inLanguage\":\"ca\",\"@id\":\"https:\\\/\\\/diverinvest.es\\\/ca\\\/cartas-de-david\\\/abril-2023-la-recesion-ya-esta-descontada\\\/#primaryimage\",\"url\":\"https:\\\/\\\/diverinvest.es\\\/wp-content\\\/uploads\\\/fotro-carta-mayo.jpg\",\"contentUrl\":\"https:\\\/\\\/diverinvest.es\\\/wp-content\\\/uploads\\\/fotro-carta-mayo.jpg\",\"width\":626,\"height\":352},{\"@type\":\"BreadcrumbList\",\"@id\":\"https:\\\/\\\/diverinvest.es\\\/ca\\\/cartas-de-david\\\/abril-2023-la-recesion-ya-esta-descontada\\\/#breadcrumb\",\"itemListElement\":[{\"@type\":\"ListItem\",\"position\":1,\"name\":\"Portada\",\"item\":\"https:\\\/\\\/diverinvest.es\\\/ca\\\/\"},{\"@type\":\"ListItem\",\"position\":2,\"name\":\"Cartas de David\",\"item\":\"https:\\\/\\\/diverinvest.es\\\/ca\\\/cartas-de-david\\\/\"},{\"@type\":\"ListItem\",\"position\":3,\"name\":\"Abril 2023: &#8220;La recesi\u00f3n ya est\u00e1 descontada&#8221;\"}]},{\"@type\":\"WebSite\",\"@id\":\"https:\\\/\\\/diverinvest.es\\\/ca\\\/#website\",\"url\":\"https:\\\/\\\/diverinvest.es\\\/ca\\\/\",\"name\":\"DiverInvest\",\"description\":\"Corporate Family Office\",\"potentialAction\":[{\"@type\":\"SearchAction\",\"target\":{\"@type\":\"EntryPoint\",\"urlTemplate\":\"https:\\\/\\\/diverinvest.es\\\/ca\\\/?s={search_term_string}\"},\"query-input\":{\"@type\":\"PropertyValueSpecification\",\"valueRequired\":true,\"valueName\":\"search_term_string\"}}],\"inLanguage\":\"ca\"}]}<\/script>\n<!-- \/ Yoast SEO plugin. -->","yoast_head_json":{"title":"Abril 2023: \"La recesi\u00f3n ya est\u00e1 descontada\" - DiverInvest","robots":{"index":"index","follow":"follow","max-snippet":"max-snippet:-1","max-image-preview":"max-image-preview:large","max-video-preview":"max-video-preview:-1"},"canonical":"https:\/\/diverinvest.es\/ca\/cartas-de-david\/abril-2023-la-recesion-ya-esta-descontada\/","og_locale":"ca_ES","og_type":"article","og_title":"Abril 2023: \"La recesi\u00f3n ya est\u00e1 descontada\" - DiverInvest","og_description":"Estimado\u00a0amigo,\u00a0Es de todos conocido que los mercados son mecanismos de descuento y en general anticipadores del futuro ciclo. Si nos atenemos a esta premisa, la pregunta es: \u00bfen qu\u00e9 situaci\u00f3n nos encontramos en estos precisos momentos? Hoy el mundo se debate entre si va a entrar en recesi\u00f3n econ\u00f3mica m\u00e1s suave o algo m\u00e1s profunda, [&hellip;]","og_url":"https:\/\/diverinvest.es\/ca\/cartas-de-david\/abril-2023-la-recesion-ya-esta-descontada\/","og_site_name":"DiverInvest","article_modified_time":"2026-03-27T12:03:35+00:00","og_image":[{"width":626,"height":352,"url":"https:\/\/diverinvest.es\/wp-content\/uploads\/fotro-carta-mayo.jpg","type":"image\/jpeg"}],"twitter_card":"summary_large_image","twitter_misc":{"Temps estimat de lectura":"3 minuts"},"schema":{"@context":"https:\/\/schema.org","@graph":[{"@type":"WebPage","@id":"https:\/\/diverinvest.es\/ca\/cartas-de-david\/abril-2023-la-recesion-ya-esta-descontada\/","url":"https:\/\/diverinvest.es\/ca\/cartas-de-david\/abril-2023-la-recesion-ya-esta-descontada\/","name":"Abril 2023: \"La recesi\u00f3n ya est\u00e1 descontada\" - DiverInvest","isPartOf":{"@id":"https:\/\/diverinvest.es\/ca\/#website"},"primaryImageOfPage":{"@id":"https:\/\/diverinvest.es\/ca\/cartas-de-david\/abril-2023-la-recesion-ya-esta-descontada\/#primaryimage"},"image":{"@id":"https:\/\/diverinvest.es\/ca\/cartas-de-david\/abril-2023-la-recesion-ya-esta-descontada\/#primaryimage"},"thumbnailUrl":"https:\/\/diverinvest.es\/wp-content\/uploads\/fotro-carta-mayo.jpg","datePublished":"2023-04-28T07:10:30+00:00","dateModified":"2026-03-27T12:03:35+00:00","breadcrumb":{"@id":"https:\/\/diverinvest.es\/ca\/cartas-de-david\/abril-2023-la-recesion-ya-esta-descontada\/#breadcrumb"},"inLanguage":"ca","potentialAction":[{"@type":"ReadAction","target":["https:\/\/diverinvest.es\/ca\/cartas-de-david\/abril-2023-la-recesion-ya-esta-descontada\/"]}]},{"@type":"ImageObject","inLanguage":"ca","@id":"https:\/\/diverinvest.es\/ca\/cartas-de-david\/abril-2023-la-recesion-ya-esta-descontada\/#primaryimage","url":"https:\/\/diverinvest.es\/wp-content\/uploads\/fotro-carta-mayo.jpg","contentUrl":"https:\/\/diverinvest.es\/wp-content\/uploads\/fotro-carta-mayo.jpg","width":626,"height":352},{"@type":"BreadcrumbList","@id":"https:\/\/diverinvest.es\/ca\/cartas-de-david\/abril-2023-la-recesion-ya-esta-descontada\/#breadcrumb","itemListElement":[{"@type":"ListItem","position":1,"name":"Portada","item":"https:\/\/diverinvest.es\/ca\/"},{"@type":"ListItem","position":2,"name":"Cartas de David","item":"https:\/\/diverinvest.es\/ca\/cartas-de-david\/"},{"@type":"ListItem","position":3,"name":"Abril 2023: &#8220;La recesi\u00f3n ya est\u00e1 descontada&#8221;"}]},{"@type":"WebSite","@id":"https:\/\/diverinvest.es\/ca\/#website","url":"https:\/\/diverinvest.es\/ca\/","name":"DiverInvest","description":"Corporate Family Office","potentialAction":[{"@type":"SearchAction","target":{"@type":"EntryPoint","urlTemplate":"https:\/\/diverinvest.es\/ca\/?s={search_term_string}"},"query-input":{"@type":"PropertyValueSpecification","valueRequired":true,"valueName":"search_term_string"}}],"inLanguage":"ca"}]}},"_links":{"self":[{"href":"https:\/\/diverinvest.es\/ca\/wp-json\/wp\/v2\/cartas-de-david\/10164","targetHints":{"allow":["GET"]}}],"collection":[{"href":"https:\/\/diverinvest.es\/ca\/wp-json\/wp\/v2\/cartas-de-david"}],"about":[{"href":"https:\/\/diverinvest.es\/ca\/wp-json\/wp\/v2\/types\/cartas-de-david"}],"author":[{"embeddable":true,"href":"https:\/\/diverinvest.es\/ca\/wp-json\/wp\/v2\/users\/10"}],"wp:featuredmedia":[{"embeddable":true,"href":"https:\/\/diverinvest.es\/ca\/wp-json\/wp\/v2\/media\/11682"}],"wp:attachment":[{"href":"https:\/\/diverinvest.es\/ca\/wp-json\/wp\/v2\/media?parent=10164"}],"wp:term":[{"taxonomy":"category","embeddable":true,"href":"https:\/\/diverinvest.es\/ca\/wp-json\/wp\/v2\/categories?post=10164"}],"curies":[{"name":"wp","href":"https:\/\/api.w.org\/{rel}","templated":true}]}}

Abril 2023: &#8220;La recesión ya está descontada&#8221;

<figure class="wp-block-table"><table><tbody><tr><td>Estimado amigo,<br> <br>Es de todos conocido que los mercados son mecanismos de descuento y en general anticipadores del futuro ciclo. Si nos atenemos a esta premisa, la pregunta es: ¿en qué situación nos encontramos en estos precisos momentos?<br><br>Hoy el mundo se debate entre si va a entrar en recesión económica más suave o algo más profunda, pero todo parece indicar que este hecho ya fue descontado por los mercados durante el año 2022, tanto de renta fija como de renta variable, y en octubre del 2022 fue cuando marcaron mínimos. Además, justo coincide, cuando el dato macro de la inflación marcaba su máximo con un 11% en Alemania. Desde entonces, los mercados han estado muy animados.<br><br>Esos mínimos, con los datos económicos que tenemos actualmente, parecen lejanos y poco probables que vuelvan a ser vistos. Durante los años 70, década que ya hemos mencionado en otras ocasiones, se dieron comportamientos muy parecidos. Además, en la actualidad, los beneficios de las empresas siguen siendo elevados, al igual que en los 70. Y, por último, el mercado de bonos también se está intentando adelantar a todo este galimatías. La curva de tipos de interés a largo no para de bajar y presenta rentabilidades poco atractivas en estos momentos, según nuestro criterio, sin olvidar que este inicio de año está siendo positivo a pesar de la cantidad de eventos y noticias complejas que se están acumulando en la economía. Vamos, que motivos para tener grandes caídas,  no han faltado.<br><br>El próximo gran movimiento se va a producir cuando la Reserva Federal marque el PIVOT POINT, empiece con una política monetaria menos restrictiva, que será el momento en el que termine la actual subida de tipos, y empecemos el cambio de tendencia.<br><br>Ahora bien, estamos apuntando a que estemos ante la posibilidad del inicio de un nuevo megaciclo alcista de los activos de riesgo, que es, en definitiva, lo que más nos interesa saber ¿no?<br><br>Creo, sinceramente, que esta no va a ser la situación, puesto que el último megaciclo duró casi 40 años, desde 1982 hasta 2021 caracterizado por una bajada continua de los tipos de interés, desde el 20% de Paul Volker hasta el 0% de Jeremy Powell. Con los tipos actualmente al 3.40%, es evidente que se necesita un catalizador diferente para prender la mecha del próximo megaciclo.<br><br>Nuestra modesta opinión es que estamos sumergidos en un periodo de transición con un nivel alto de volatilidad donde, en términos generales, el rango 3500-4800 en el S&amp;P500 se mantendrá por algún tiempo y donde la gestión activa va a ser fundamental para generar buenos rendimientos. Este periodo ya se vivió en la década de los 70, y aunque el mundo hoy es muy diferente, no es descartable que vivamos unos años con los mercados sin una tendencia fuerte hasta que, por fin, aparezca un nuevo catalizador con la fuerza suficiente para iniciar un nuevo megaciclo. ¿Cuál será ese catalizador?<br><br><br>Un abrazo,<br>David Levy<br> </td></tr></tbody></table></figure>

<p>Estimado amigo, Es de todos conocido que los mercados son mecanismos de descuento y en general anticipadores del futuro ciclo. Si nos atenemos a esta premisa, la pregunta es: ¿en qué situación nos encontramos en estos precisos momentos? Hoy el mundo se debate entre si va a entrar en recesión económica más suave o algo más profunda, [&hellip;]</p>

<!-- This site is optimized with the Yoast SEO plugin v27.4 - https://yoast.com/product/yoast-seo-wordpress/ -->
<title>Abril 2023: &quot;La recesión ya está descontada&quot; - DiverInvest</title>
<meta name="robots" content="index, follow, max-snippet:-1, max-image-preview:large, max-video-preview:-1" />
<link rel="canonical" href="https://diverinvest.es/ca/cartas-de-david/abril-2023-la-recesion-ya-esta-descontada/" />
<meta property="og:locale" content="ca_ES" />
<meta property="og:type" content="article" />
<meta property="og:title" content="Abril 2023: &quot;La recesión ya está descontada&quot; - DiverInvest" />
<meta property="og:description" content="Estimado amigo, Es de todos conocido que los mercados son mecanismos de descuento y en general anticipadores del futuro ciclo. Si nos atenemos a esta premisa, la pregunta es: ¿en qué situación nos encontramos en estos precisos momentos? Hoy el mundo se debate entre si va a entrar en recesión económica más suave o algo más profunda, [&hellip;]" />
<meta property="og:url" content="https://diverinvest.es/ca/cartas-de-david/abril-2023-la-recesion-ya-esta-descontada/" />
<meta property="og:site_name" content="DiverInvest" />
<meta property="article:modified_time" content="2026-03-27T12:03:35+00:00" />
<meta property="og:image" content="https://diverinvest.es/wp-content/uploads/fotro-carta-mayo.jpg" />
	<meta property="og:image:width" content="626" />
	<meta property="og:image:height" content="352" />
	<meta property="og:image:type" content="image/jpeg" />
<meta name="twitter:card" content="summary_large_image" />
<meta name="twitter:label1" content="Temps estimat de lectura" />
	<meta name="twitter:data1" content="3 minuts" />
<script type="application/ld+json" class="yoast-schema-graph">{"@context":"https:\/\/schema.org","@graph":[{"@type":"WebPage","@id":"https:\/\/diverinvest.es\/ca\/cartas-de-david\/abril-2023-la-recesion-ya-esta-descontada\/","url":"https:\/\/diverinvest.es\/ca\/cartas-de-david\/abril-2023-la-recesion-ya-esta-descontada\/","name":"Abril 2023: \"La recesión ya está descontada\" - DiverInvest","isPartOf":{"@id":"https:\/\/diverinvest.es\/ca\/#website"},"primaryImageOfPage":{"@id":"https:\/\/diverinvest.es\/ca\/cartas-de-david\/abril-2023-la-recesion-ya-esta-descontada\/#primaryimage"},"image":{"@id":"https:\/\/diverinvest.es\/ca\/cartas-de-david\/abril-2023-la-recesion-ya-esta-descontada\/#primaryimage"},"thumbnailUrl":"https:\/\/diverinvest.es\/wp-content\/uploads\/fotro-carta-mayo.jpg","datePublished":"2023-04-28T07:10:30+00:00","dateModified":"2026-03-27T12:03:35+00:00","breadcrumb":{"@id":"https:\/\/diverinvest.es\/ca\/cartas-de-david\/abril-2023-la-recesion-ya-esta-descontada\/#breadcrumb"},"inLanguage":"ca","potentialAction":[{"@type":"ReadAction","target":["https:\/\/diverinvest.es\/ca\/cartas-de-david\/abril-2023-la-recesion-ya-esta-descontada\/"]}]},{"@type":"ImageObject","inLanguage":"ca","@id":"https:\/\/diverinvest.es\/ca\/cartas-de-david\/abril-2023-la-recesion-ya-esta-descontada\/#primaryimage","url":"https:\/\/diverinvest.es\/wp-content\/uploads\/fotro-carta-mayo.jpg","contentUrl":"https:\/\/diverinvest.es\/wp-content\/uploads\/fotro-carta-mayo.jpg","width":626,"height":352},{"@type":"BreadcrumbList","@id":"https:\/\/diverinvest.es\/ca\/cartas-de-david\/abril-2023-la-recesion-ya-esta-descontada\/#breadcrumb","itemListElement":[{"@type":"ListItem","position":1,"name":"Portada","item":"https:\/\/diverinvest.es\/ca\/"},{"@type":"ListItem","position":2,"name":"Cartas de David","item":"https:\/\/diverinvest.es\/ca\/cartas-de-david\/"},{"@type":"ListItem","position":3,"name":"Abril 2023: &#8220;La recesión ya está descontada&#8221;"}]},{"@type":"WebSite","@id":"https:\/\/diverinvest.es\/ca\/#website","url":"https:\/\/diverinvest.es\/ca\/","name":"DiverInvest","description":"Corporate Family Office","potentialAction":[{"@type":"SearchAction","target":{"@type":"EntryPoint","urlTemplate":"https:\/\/diverinvest.es\/ca\/?s={search_term_string}"},"query-input":{"@type":"PropertyValueSpecification","valueRequired":true,"valueName":"search_term_string"}}],"inLanguage":"ca"}]}</script>
<!-- / Yoast SEO plugin. -->

Abril 2023: "La recesión ya está descontada" - DiverInvest

Estimado amigo, Es de todos conocido que los mercados son mecanismos de descuento y en general anticipadores del futuro ciclo. Si nos atenemos a esta premisa, la pregunta es: ¿en qué situación nos encontramos en estos precisos momentos? Hoy el mundo se debate entre si va a entrar en recesión económica más suave o algo más profunda, [&hellip;]
